80 - 40) + -33.
-19
What is the value of (11 - 5) + (-11 - (49 - -10))?
-64
What is 9 + 4 + -2 + -4 + (-690 - -721)?
38
37 + 54 + -72 - (65 - 1)
-45
What is 25 - (-11 + -55 + 80)?
11
What is the value of (-1658 - -1700) + 5 + (-4 - -3)?
46
(83 - (35 + -16)) + (-18 - 1)
45
What is -66 - -44 - (-1 - 36) - 17?
-2
What is the value of -1 + -1 - (-31 + 18 + 23 + 9)?
-21
9 + (159 - (-80 - -175))
73
55 + (-10 - (1 + 5 - (21 + -19)))
41
Calculate (-86 - (-259 - -94)) + (1 - 6).
74
(31 - (-3 - 3)) + 2 + 25 + -19
45
Evaluate 41 + (-5 - (11 + -3)) - 14.
14
What is the value of 82 + -117 - -31 - -52?
48
What is 177 + -385 - -207 - (1 - 40)?
38
(-10 + 9 - 4) + 14 - (87 + -49)
-29
Evaluate 14 + (-4 + 20 - (-260 - -355)).
-65
Calculate (70 - 88 - -113 - (2 + -2 + -5)) + 7.
107
What is (24 - 120) + 103 + (-2 - 1)?
4
What is the value of 5 - (23 - (-49 + (9 - -36)))?
-22
-114 + 105 + -1 + -9 + -4
-23
What is (-45 - 46) + -66 + 84?
-73
Calculate (-34 - -25 - (-4 + -3) - 2 - 4) + 8.
0
What is (-8 - 5) + (-4 - 14)?
-31
-4 + 18 - ((16 + 22 - 20) + -22)
18
What is -49 + 12 + -5 + 35?
-7
Calculate 229 - 255 - (-9 + (-113 - 11)).
107
67 - 40 - (29 - 46)
44
Calculate (-51 - -16) + 15 + 4 + 1.
-15
What is (10 - (89 - 78)) + -82?
-83
Evaluate -2 + (12 - 11 - (-2 - 3)) - (-38 + 43).
-1
What is the value of 84 + -63 - (31 + -14 + -4)?
8
What is the value of 4 + -13 + -1 - ((-14 - -29) + -15)?
-10
Evaluate -5 - (-12 + (4 + 53 + -14 - (-4 + 0))).
-40
Evaluate 42 + (23 - (24 - 3)) + 4.
48
Evaluate -49 + (-13 - -24) + 20 + -78.
-96
Calculate 125 - (-7 + 27 - -19) - -45.
131
What is (5 - (0 + 4)) + (54 - (-1 + -2 + 3))?
55
What is the value of 1836 - 1829 - (-1 - -4 - (-6 - (-7 + 139)))?
-134
Calculate 2 - 66 - (-74 + 184 + -113).
-61
-7 + 3 - -5 - (6 + 9 - 3)
-11
Evaluate (7 - (1 - 0) - (17 + -10 - 9)) + -56.
-48
What is the value of (-310 - -167) + 92 + 128?
77
12 - (-29 + -6) - -9 - (9 - -2)
45
What is 15 - -11 - 27 - (2 - -51)?
-54
What is the value of 5 + 0 + -22 + 38 + -17?
4
What is the value of (-24 - 1 - (30 - 42)) + (-1 - -39)?
25
-991 + 974 - (1 - 29)
11
4 - (-3 - 3) - (38 - 18 - -2) - -24
12
What is the value of (-70 - 6) + 136 - 85?
-25
What is -1 + 24 + (9 - (26 - (-9 + 26)))?
23
Evaluate -58 + 41 - (-9 + -1) - (-53 + 3).
43
Evaluate -12 - (-105 - (-108 - 6)).
-21
What is -22 - ((0 - -21) + -113 + 152 + 18)?
-100
What is 0 + (371 - 320) + (6 - 7 - (-2 - 0))?
52
What is 77 - (99 - 29 - (31 + 3))?
41
What is the value of -15 - ((17 - -2) + -12 - -9 - 33)?
2
What is the value of -11 + 1 + 3 - (-29 + (-11 + 11 - 6))?
28
13 + (3 - -1) + -2 + (-4 + 2 - -9)
22
Evaluate 10 + (-29 - -12) - (6 + -3 + -44).
34
Calculate 48 - (-35 + (41 - -16)).
26
Evaluate -95 - (-35 + -70) - (1 + -22).
31
Calculate -47 + 30 + 29 + -6.
6
-26 - (-39 + (-46 - -92))
-33
What is the value of -54 - -57 - 2 - (2 + 0) - 6?
-7
What is (-4 + 5 - -4) + (24 - 27) + 9?
11
Evaluate 1 + -14 + 28 - 9 - 74 - -11.
-57
What is the value of 3 + 46 + (6 - 33) - 12?
10
-4 + (-1 - -9) + (0 - 66)
-62
5 + -143 + 151 + 70
83
What is 0 + 63 + 5084 + -5148?
-1
Calculate 4 - ((100 - 105) + (0 - -8 - 0)).
1
Calculate -30 + -32 + (65 - 44).
-41
What is -7 + 39 + 8 - (-112 + 107)?
45
Calculate 46 + -4 + (267 - 258) - -33.
84
Calculate 6 - (-42 + (-79 - -100 - (17 + -3))).
41
Evaluate (3 - -44) + 3 + 276 + -262 - 8.
56
-36 + 6 + -39 + -12 + -15
-96
(-12 - (5 + -11)) + (1 - (2 - -8))
-15
Evaluate (524 - 525 - (-1 - (3 - 2))) + -3 + 21.
19
Calculate 129 + 26 + 56 + -257.
-46
153 + -145 - (-5 - (0 - 35))
-22
What is -78 - -105 - 51 - 46?
-70
Evaluate 2 - (-82 - -88 - (-3 + 1 - -3 - -5)).
2
What is the value of 167 + -55 - 34 - 69?
9
Evaluate 4 - 26 - (-12 + 5 + -9).
-6
What is the value of -208 - -97 - (0 - 1 - (-2 + 6))?
-106
What is 0 - 12 - (-17 - (-11 - (-9 - -3)))?
0
Evaluate 139 - (-37 - -114) - 97.
-35
What is the value of 30 - (2 + 14) - (-26 - -2)?
38
Evaluate -22 + 44 - (-125 + 3 + 3) - (-6 + -2).
149
-231 + 283 - (71 - 7)
-12
Evaluate -66 + 64 + 0 + 1 - (25 + -5 + 15).
-36
(14 - (-6 - -2)) + 517 + -577
-42
What is the value of -41 - (-54 + 17) - 15?
-19
Evaluate -35 + (-7 - (4 - (21 + 9 + -11 + -10))).
-37
What is the value of 9 + (-8 - 55) - (11 - (38 + -27))?
-54
What is 69 + (-8 - 0) - 56?
5
What is (-1 - -2 - 5) + (19794 - 19668)?
122
Calculate 1 + 0 + 0 + 2 + (-110 - (135 + -207)).
-35
What is the value of -15 + 50 + (-2 - 37) - (44 + -1 - 0)?
-47
What is (2 - (-9 + 83) - -10) + -12 + 23?
-51
What is the value of -17 - ((20 - (30 + 34)) + 114)?
-87
(1 + 2 - 4) + 18 - (46 + 28 + -64)
7
Evaluate (14 - (-59 - -68 - (-3 + 1))) + -2 + -75.
-74
((-36 - -30) + -10 - 1) + 10
-7
What is -24 + (50 - (-2 + 17))?
11
Evaluate -8 + 15 + 0 - (8 - (1 + 9)).
9
Calculate -53 + (9 - (-12 - 76)).
44
-2 + 11 + 31 + (22 - 25) + (0 - 0)
37
What is 400 + -404 + 0 + -38 + 4?
-38
What is the value of (-1 - 32) + (-53 - -37) + 27?
-22
What is 2 - 1 - (2 + -141 + 101)?
39
What is the value of (-24 - -1) + (-15 - (9 + -16))?
-31
What is the value of 67 - (10 - (11 + -1)) - (5 + 11)?
51
What is 2 - 76 - (129 - 145)?
-58
Evaluate 703 - 685 - (-12 + (0 - -1)).
29
What is (43 - (-24 - -101)) + 11?
-23
What is -12 - (282 + -286 - (9 - 1)) - -46?
46
What is 9 + -29 + 35 + 44 + -15?
44
14 - (-50 + (3 + 4 - 15) + 3)
69
Calculate -57 - 16 - (-454 + 346).
35
Calculate (-40 + 22 - 17) + 85.
50
Calculate -79 + (-1 - -15) + (2 + -8 - 3) + 8.
-66
2 + 4 + 0 + 22 + -151 + (-10 - -22)
-111
Calculate (-125 - -17) + 10 + (-45 - -58).
-85
Calculate 20 + -11 - 12 - (5 - (8 - 9)).
-9
What is -97 + 47 + (-10 - 33)?
-93
Evaluate 0 + 0 + 16 - (3990 - 3986).
12
-106 + -24 - (-199 - -150)
-81
Evaluate (-2 - -2) + -10 + 10744 + -10767.
-33
Evaluate -23 - (-14 + 26 - -1).
-36
Calculate 23977 + -24011 - (-1 + 73).
-106
What is the value of 43 + (-5 - 5) + (-24 - -45) + 1?
55
What is -2 - 31 - (28 + (-21 - -5) - -4 - 7)?
-42
Calculate 792 + -766 - (0 - 5 - -21).
10
What is the value of -81 + -12 + 6 + 7 + (9 + 9 - 7)?
-69
What is the value of -75 + 8 - (-2 - (8 + -6 + -1 + 0))?
-64
Evaluate -100 - (-110 + 59) - -4.
-45
Calculate 15 + -2 - (-57 + 54 - -49).
-33
Calculate -9 + -50 + -39 + 86.
-12
Calculate (-4 - (-6 + 5 + -2) - 2) + -899 + 933.
31
What is the value of (7 - 24) + (-5 - (-6 - ((4 - -1) + -11)))?
-22
What is the value of -99 + (54 - -38) + 79?
72
-32 + 23 + 0 + 8 - (-19 + 3)
15
What is -84 + (5 - 2 - (-5 + (-20 - (-40 + 12))))?
-84
Evaluate 2 + -11 + (6 - (-4 + -12 + -4 + 7)).
10
-7 + (2 + -29 - -3 - -4) + (-165 - -176)
-16
What is the value of (-16 - (-2 - 33)) + -17?
2
Evaluate ((10 - -1) + 98 + -80 - 15) + -8.
6
What is the value of 4 + -10 - ((8 - -3 - (-74 + 89)) + 66)?
-68
Calculate (53 + -35 - (4 - -7)) + -43.
-36
What is 363 + -355 - (-1 + 28)?
-19
What is -54 + -12 - -137 - 112?
-41
(-13 - -6) + 205 + -257
-59
What is (90 - -55) + -84 + -4?
57
What is 25 + 1 - (-2869 + 2852)?
43
What is the value of (11 - (40 - -44)) + 50?
-23
12 + (-1 + 3 + 5 - (3 + (1 - -4)))
11
What is the value of -15 + 49 + (47 - 15 - 12)?
54
What is (72 + -22 - 47) + (-16 - -12 - (2 - -78))?
-81
7 + 1 + -11 - ((-47 - -54) + -2 + 84)
-92
What is -1517 + 1495 - (2 - -34)?
-58
What is the value of (4 + (-3 - -1) - (219 - 213)) + -113?
-117
What is (485 - 509) + (35 - -3)?
14
What is 4 - (-14 - (8 - (8 + -12 - -19)))?
11
Evaluate 27 - 72 - (-12 - (-36 - -34)).
-35
Evaluate -25 - (-6 - (-6 - 20) - 107).
62
Calculate -123 + 128 + -4 + (2 - 30).
-27
Calculate -4 - (-18 - 1) - (13 + 32).
-30
Evaluate -15 - (20 + 2 + -40 + -16).
19
Calculate 31 + (-41 - -52) + -57 - 43.
-58
What is the value of 119 - (90 - 22) - 91?
-40
-8 - ((-26 - (-17 + -17)) + (4 - (39 + -3)))
16
(15 + 10 - 39) + -4
-18
Calculate (3 - 4) + -6 + -3 - (-68 + 60 + 116).
-118
Calculate -8 + 12 + -7 + 11 - (8 - 15).
15
-13 + 52 + (4 - 12) + (-6 - -7)
32
Evaluate (1 - 27) + (-1747 - -1700).
-73
(299 + -261 - (25 + -6 + 5)) + (0 - 56)
-42
Evaluate -126 - ((1 - -54) + (-840 - -807)).
-148
Evaluate (16 - 41) + -5 + 40.
10
Evaluate (13 - (-11 + 15)) + (7 - -11).
27
Calculate ((8 - -1) + (80 - 80) + 57 - 10) + -6.
50
Calculate -87 - 0 - (-165 - (-361 + 166)).
-117
What is the value of (22 - (-44 + 68 - 10)) + 18 + 1?
27
Evaluate 13 + 1 + 31 + -92.
-47
What is the value of -51 + 21 + (-16 - -25) - 14?
-35
Evaluate 13 + 